is -4 - (-5 - (-11 + (-1 - -30)))?
19
What is 12 - (0 + (2 - -6) + -7)?
11
Evaluate -12 - (-16 - (3 - 7 - 2)).
-2
What is the value of 29 - (28 + (-34 - -15))?
20
Evaluate 4 + 1 + 101 + -120.
-14
Calculate 20 + (-53 + 43 - (1 + 2)).
7
Calculate -2 + 4 - ((-10 - 20) + 33).
-1
What is the value of -10 + (1 + -3 - -6) - (-4 + 9)?
-11
What is 36 - (2 - (10 - (33 + -15)))?
26
-7 + 1 - (-24 - ((-5 - 4) + 9))
18
Evaluate 17 - (32 + -6 + -31).
22
3 + -2 + 11 + 7 + -16
3
(0 - -2 - (50 + -13)) + (62 - 58)
-31
Calculate -3 + 7 + 1 - -6.
11
What is the value of 4 - 3 - (3 + (-3 - -4))?
-3
-5 + -9 + 12 - -22
20
What is the value of (2 - (-14 - -9) - (9 - -5)) + -11?
-18
Calculate 8 + -1 + 11 + -13.
5
Evaluate 2 + -4 - (30 - 37).
5
What is the value of -6 - (-13 + (29 - 15))?
-7
Evaluate 3 + 4 + 8 + -9 - 2.
4
What is -13 - ((15 - 1) + -21)?
-6
Evaluate (-14 - ((1 - 16) + 5)) + 10.
6
Evaluate (-17 - -7) + 4 + -4 + 2.
-8
What is -36 + (-32 - (24 - 76))?
-16
Evaluate (5 - (-2 - 2)) + 15 + -8.
16
What is 6 - (3 + -3) - (10 + -13)?
9
Calculate 4 - (-14 + 20 - 6).
4
What is 9 + -1 - 0 - (2 - (2 + -1))?
7
Evaluate -29 + 36 - 6 - (17 + 0).
-16
4 - -21 - ((-152 - -151) + 0 + -4)
30
What is -1 - -14 - (-7 + 22)?
-2
Calculate -5 + 36 + -3 + 2 + 7 + -1.
36
What is the value of -96 + 90 + (-12 - (5 - 1))?
-22
Calculate 3 + (-11 - (2 + -2)).
-8
15 - (23 - 2) - 7
-13
What is -19 + 8 + 6 + (-16 - -3)?
-18
Calculate 5 + (-10 - -6 - -10).
11
What is 9 + 1 + 12 + 57 + -59?
20
What is 1 + 2 + (-19 + -2 + 6 - -19)?
7
What is 19 + 3 + (-34 + 18 - -3)?
9
What is the value of -2 - (1 + (5 - 3)) - (313 - 300)?
-18
Evaluate (-13 + 11 - (3 + -11)) + -19.
-13
8 + (-20 - (12 + -16))
-8
Evaluate 3 - (14 - (-11 + 0 - (101 - 109))).
-14
Evaluate -1 - 19 - (-10 + 7 - 6).
-11
What is -27 - -42 - (-5 - (0 + 0 + -4))?
16
Evaluate (4 - (-16 - -12) - (5 - -3)) + 16.
16
Calculate 3 - (-3 + 0 + 77 + -63).
-8
(-1 - 6) + (-1 - (-24 + 6 + 3))
7
Calculate 15 + (1 - 0) + -158 + 150.
8
What is the value of 9 + (-5 - (13 - 3))?
-6
What is the value of -1 + 1 + (23 - 16 - 0) + -11?
-4
What is the value of -3 - -4 - (10 - -8 - 20)?
3
What is the value of (-1 - -13) + -1 - (-9 + 75 + -62)?
7
What is 9 - (0 + -3 + 15)?
-3
Calculate -141 - -165 - (4 - -4).
16
2 - (-8 + -9 + 14)
5
Evaluate -7 + (-7 - -13) + (2 - 5).
-4
What is (7 - 2) + (22 - (-4 - -6))?
25
5 + 0 - ((-7 - (-6 + -6)) + -8)
8
Calculate 6 + 15 + -10 + -10.
1
Calculate 6 - (34 + -24) - (-5 - -1).
0
Evaluate -6 - -1 - (-32 + (-23 - -24)).
26
(16 - 4) + 18 + -23 - 21
-14
9 + (24 - 54) - -38
17
Evaluate -18 + (0 - -2) + (-11 - -13 - -4).
-10
0 - (2 - (-1 + 1))
-2
Calculate (4 - 11) + 4 - (7 + -2).
-8
What is the value of 15 + (-12 - (-24 + 32))?
-5
What is -3 + -7 + 47 + -34?
3
Evaluate (2 - -2) + -3 + 5 + (-2 - 9).
-5
(4 - 1 - 0) + (15 - 20)
-2
10 + -33 - (-10 - -2)
-15
What is the value of (-24 - 1) + -19 + 10 + 19?
-15
Calculate -23 + (31 + -9 - 1).
-2
What is -28 + (9 - -3) - -28?
12
What is the value of -11 + (1 - (0 + (5 - 6)))?
-9
Evaluate (2 - 2) + (527 - 513).
14
What is the value of -23 - (-2 + -12 + -1 + 5)?
-13
-209 - -202 - (2 - (-1 - -23))
13
Calculate -5 + 10 + 2 + -1 + (7 - 3).
10
Calculate 15 + (9 - -6) + -67.
-37
Evaluate (34 - 15) + (-32 - -1).
-12
What is (-13 - -1) + 10 + -2?
-4
What is (10 - 0 - (109 - 101)) + -3?
-1
What is the value of -781 - -773 - (-2 + 2 + -45)?
37
What is the value of -31 + (12 - 4 - -8)?
-15
What is 3 + -5 - 8 - -1 - -1?
-8
-5 + 19 + (-6 - 1) + 2 + 2
11
Calculate (-1 - 2) + (13 - (5 + 7)).
-2
What is (-14 - (19 + -7)) + -2 + 1 + -2?
-29
24 + -35 + (-30 - -8)
-33
Evaluate 0 + 15 - 16 - -9.
8
Evaluate -17 + (15 - -29) + -12.
15
-26 - (-7 + 17 + -32)
-4
What is 28 - (-26 + 27) - 42?
-15
What is the value of -25 + 4 + 54 + -37?
-4
-25 + 1 + -13 - -56
19
-37 - (49 + -78 + 14 + -1)
-21
3 + -4 - -5 - (-5 - (0 + 1))
10
Evaluate 16 - (-2 + 4 - (5 - -1)).
20
Evaluate -6 + -1 - (342 + -363).
14
What is -1 + 0 + -2 - (-6 - 1 - -4)?
0
Evaluate 13 + 0 - (10 - 7) - (-60 + 64).
6
What is the value of (48 - (4 - -55)) + (-20 - -1)?
-30
What is the value of 15 - (7 + -12 + 34)?
-14
What is 3 + -12 - (-27 - (-2 + -11))?
5
-8 - (-6 + -5 + 3 - (-124 + 134))
10
What is the value of 8 - (-4 + 5 + -2 + 4)?
5
Evaluate 14 - (-9 + (-2 - 1 - 3)).
29
What is -6 - (-17 - -20) - (4 - -11)?
-24
Evaluate 11 + 0 + 3 - 12.
2
Evaluate -8 - (-33 - (-13 + 8 - 0 - -7)).
27
Calculate 58 - -1 - (-5 - -40).
24
(3 - (4 - (7 - 4)) - -2) + -13
-9
5 + -3 + -19 + (11 - 21)
-27
What is 31 - (8 + -8 + 44)?
-13
-8 - (-1 - 0) - (98 + -95)
-10
Evaluate -14 - (-103 + 104 + 2 + (-7 - -2)).
-12
Calculate 19 + -13 - (3 - -13).
-10
What is (8 - 16) + 10 + (4 - 3)?
3
(-47 - (21 - 41)) + 9
-18
(6 - -1) + (3 - 3) + 0 + 7
14
Evaluate (-1 - 0) + -20 + 22 + -14 - 1.
-14
Evaluate 3 + -19 + 123 + -124 - 6.
-23
Evaluate 23 + (0 - ((-8 - -5) + 10)).
16
Evaluate 16 - (-3 + -7 + 8 - (0 - 7)).
11
Calculate -3 - (0 + -1 - (-15 - -17)).
0
(-3 - 1 - (-22 - -25)) + 8 - -8
9
What is 3 - (25 - 30 - (-5 + 2) - -4)?
1
1 + -1 + -3 - (14 + -3)
-14
Evaluate -29 + (35 - (60 - 27)).
-27
(-31 - -19) + -3 - 4
-19
Evaluate -4 - 1 - (4 - 4 - -4 - -5).
-14
Evaluate 0 + -3 + -6 + (5 - (3 - 3)).
-4
What is the value of 197 + -229 + 14 + -3?
-21
Evaluate -113 + 120 - (-1 + 1 - -16).
-9
What is (-41 + 14 - -1) + 26?
0
Evaluate -18 - (22 + -38 + 7 + -7).
-2
What is (-10 + 2 - -4) + (18 - (7 - -13))?
-6
What is (1 - 12) + 2 - (-77 + 108 + -27)?
-13
What is 5 + 1 + -1 - (7 - 2 - 7)?
7
What is -7 + (16 - 1) - 19 - (4 + -6)?
-9
1 - 4 - (-9 + (19 - 6))
-7
(6 - 0 - 3) + (5 - 10) + 4
2
What is -38 + 20 + 8 + 3?
-7
Calculate -54 - -14 - (-6 + (-4 - -2) + -2).
-30
Calculate 0 + 10 - ((-19 - -23 - -17) + -4).
-7
(-10 - -12) + 1 + 0 + (-6 - 3)
-6
What is the value of 6 - (6 + (8 - 31) + 10)?
13
Evaluate -9 - (19 + (-14 - -5)).
-19
(0 - (-7 - -2)) + -29 + 8 - -2
-14
-44 + (40 - 26) - (-1 + -16)
-13
What is 1 + -7 - (127 + -122)?
-11
What is 19 - (-13 - (-19 - (9 - 24)))?
28
Evaluate -12 - ((11 - (11 - 0)) + (3 - 1)).
-14
Evaluate -200 + 178 - (-1 - 40).
19
Evaluate 44 + (14 - 32 - 5).
21
Calculate (7 - 11) + 13 + -7.
2
Calculate 15 + (-1 - 21) - (0 - (-1 - -16)).
8
Evaluate -1 - -22 - (-18 + -5 - -26).
18
What is the value of -17 + (-35 - -23) + 24?
-5
Evaluate 20 + -3 + -41 + 15.
-9
Evaluate 15 + -23 + -17 + 10 + -3.
-18
Evaluate ((-12 - -7) + -5 - -7) + 17.
14
-37 + (19 - 5) - -6
-17
What is the value of 15 + -4 - 52 - -4?
-37
Calculate (-1 - -21) + (6 + 2 - (-51 + 55)).
24
What is the value of 1 - (-19 - (-9 + -2 + 6 + 0))?
15
Calculate -14 - (-23 - (6 + -10)).
5
What is the value of 17 - 10 - 26 - -20?
1
19 + -33 + 7 + (35 - (1 - 5))
32
8 - (11 + -6 - -1 - -5 - -7)
-10
Evaluate 6 - (-6 + 9) - (5 + -21 + 11).
8
What is the value of 40 + 10 + (-28 - (5 + -9))?
26
Calculate 6 + -2 + (19 - 10).
13
What is (10 - -10 - 28) + 13 + 7 + -1?
11
(17 - 15) + -12 + 0 - (18 - 16)
-12
What is (0 - 4 - (0 + -10 + -14)) + -4?
16
Evaluate (24 - 13) + -6 + 2.
7
Evaluate 0 + 5 - (4 - (0 - -9)).
10
(3 - -1) + -48 + 53 + -28
-19
What is the value of -21 - ((-32 - -3) + -10)?
18
What is the value of -23 - -1 - (-124 - -116)?
-14
Calculate (-9 + 31 - 6) + 5 + 1 + 6.
28
What is 21 - (18 - 23) - 34?
-8
1 + (9 - 35) + 13
-12
Calculate -11 - 0 - 0 - ((33 - 64) + 24).
-4
Evaluate (2 - -4) + (-44 + 4 - (21 + -25)).
-30
What is the value of 36 - 8 - 20 - 19?
-11
What is 20 + -15 + (6 - 5)?
6
-10 + (-18 + 30 - 2)
0
What is 0 - 14 - (2 - 20)?
4
What is the value of 11 + ((4 - -7) + -3 - 7)?
12
Evaluate (2 - 0) + (5 - (-4 - -12)).
-1
What is 15 - (25 - 14 - -5)?
-1
What is the value of (-3 - (8 + -1 + -7)) + -3?
-6
-1 + -1 + 29 + -11 + -29
-13
Evaluate -11 + 14 + -21 - 0.
-18
Evaluate -20 + (-7 - (-18 + 1 - (-77 + 74))).
-13
What is the value of 6 + -2 + 13 + -8?
9
Calculate -33 + -1 - (210 - 223).
-21
What is 9 - (-15 + 13 + (1 - 8) - -20)?
-2
Evaluate (-1 + 8 - 3) + -3 + 2 + -16.
-13
What is 14 - ((-14 - -14) + -5 + 38)?
-19
What is -27 + (-29 - -47) + (3 + 0 - -10)?
4
1 - -4 - -2 - (27 - (23 - 12))
-9
Evaluate 10 + -4 + (2 - 0 - 2) + 5.
11
What is 6 + 3 + (-161 - -132)?
-20
What is 12 + -17 + (-4 - 2)?
-11
What is the value of -2 + 12 + (-13 - -7)?
4
What is (-15 - (9 + -27)) + -4?
-1
What is 14 + (-3 - (1 + -2 + 11 + -8))?
9
Wh